What is 68c39 (base 15) in base 9?
557430
-672012 (base 8) to base 12
-aab76
What is -8530743 (base 9) in base 12?
-1642b86
Convert 444227 (base 8) to base 7.
1162212
Convert 111101101100011010 (base 2) to base 12.
1022a2
Convert 100101001100011000010 (base 2) to base 8.
4514302
What is -1211002212020 (base 3) in base 15?
-1415bc
Convert 1330331123 (base 4) to base 9.
860085
Convert 1396386 (base 13) to base 15.
82a6c6
What is -3606c4 (base 13) in base 4?
-10322010103
Convert 1000111000100101011 (base 2) to base 11.
1897a0
Convert 58696 (base 14) to base 13.
77028
-43a75 (base 13) to base 2
-11101111011111101
What is -1279a8 (base 12) in base 11?
-1982a4
What is -274210 (base 8) in base 6?
-2022132
What is -86573 (base 11) in base 6?
-2410223
What is -198062 (base 14) in base 10?
-905606
-27ea2 (base 16) to base 3
-22022021012
What is aca855 (base 13) in base 6?
223232302
What is -5005443 (base 7) in base 5?
-122341222
-43132251 (base 6) to base 15
-1a1ce1
Convert -15114 (base 8) to base 4.
-1221030
-47351c (base 14) to base 8
-11211006
-217a37 (base 12) to base 10
-531979
What is -30230 (base 16) in base 9?
-330415
Convert -10514434 (base 6) to base 10.
-321142
Convert 162326 (base 11) to base 3.
110210121111
What is -1b35bc6 (base 13) in base 3?
-121221202000101
-96161 (base 12) to base 11
-125191
Convert 10011101001000101101 (base 2) to base 3.
1012200220010
Convert dd4874 (base 15) to base 9.
21752521
Convert -1530230 (base 6) to base 3.
-11112210100
What is -2285623 (base 9) in base 14?
-243056
Convert 10323310 (base 4) to base 5.
1121322
-15a60 (base 11) to base 9
-33860
-102334144 (base 5) to base 15
-88769
-101233130 (base 4) to base 5
-4311133
What is 303122210 (base 4) in base 6?
4302552
-231332013003 (base 4) to base 13
-265c200
Convert 22221222100 (base 3) to base 9.
287870
-118a2c9 (base 13) to base 16
-532567
What is -9d2d5 (base 14) in base 9?
-641888
-10101201112 (base 3) to base 10
-66866
Convert -2231555 (base 9) to base 15.
-18b182
Convert -11110000101010001110010 (base 2) to base 15.
-a5b893
Convert -101010000100101010101 (base 2) to base 13.
-393688
-131100330 (base 4) to base 10
-119868
1c90dc (base 15) to base 3
2121222221200
-226616131 (base 7) to base 15
-13648a4
What is -379aa (base 11) in base 3?
-2202200122
-70586 (base 14) to base 15
-5500a
-a0b539 (base 12) to base 7
-30214140
What is -335530 (base 11) in base 5?
-114044434
Convert 7754171 (base 8) to base 13.
580c40
What is -326225 (base 7) in base 13?
-20183
Convert -1010000100101001000 (base 2) to base 9.
-552668
Convert -100140513 (base 7) to base 12.
-1b33663
What is 1000001011110100111 (base 2) in base 10?
268199
Convert -443022003 (base 5) to base 9.
-3551336
Convert -10331031230 (base 4) to base 15.
-1a9ea8
-2377166 (base 8) to base 4
-2133321312
What is -30441104 (base 5) in base 12?
-1004a1
What is -8d001 (base 15) in base 13?
-12940c
What is 1003200042 (base 5) in base 9?
3687071
a2259 (base 11) to base 5
14240003
Convert 6b31a3 (base 13) to base 14.
4a4c2a
16484 (base 13) to base 10
42527
448f7 (base 16) to base 7
2246504
-3426166 (base 7) to base 3
-210200220201
Convert 8430 (base 16) to base 15.
a060
Convert 21200022220011 (base 3) to base 12.
1449741
What is -24235555 (base 6) in base 2?
-10111011010011111111
Convert 31512272 (base 8) to base 13.
1514c74
34584 (base 15) to base 14
44a1a
What is 11612446 (base 7) in base 11?
65442a
Convert -22021102 (base 3) to base 16.
-1790
What is -10bac2 (base 13) in base 6?
-12303220
10000001100101000011111 (base 2) to base 13
b58870
What is 1842339 (base 10) in base 3?
10110121012210
51171 (base 11) to base 2
10010001111101111
What is 1b53b35 (base 12) in base 16?
590399
What is 4104431 (base 5) in base 14?
1a1d7
What is 974a4d (base 14) in base 9?
10566461
-20354546 (base 7) to base 10
-1711163
What is -101401055 (base 6) in base 14?
-33a76b
25362054 (base 8) to base 2
10101011110010000101100
What is -224661 (base 10) in base 14?
-5bc33
What is 1245050 (base 7) in base 9?
267055
What is -10111110011000000 (base 2) in base 8?
-276300
-112212202100 (base 3) to base 6
-10135530
Convert -47524021 (base 8) to base 12.
-3595241
Convert 300043202 (base 5) to base 7.
12662036
Convert -189365 (base 11) to base 9.
-482550
-2120311013 (base 5) to base 6
-235355122
What is -266367 (base 8) in base 11?
-64218
101010110101000001010000 (base 2) to base 16
ab5050
What is 173180 (base 10) in base 5?
21020210
Convert -7e7b2 (base 16) to base 2.
-1111110011110110010
Convert 1bb40 (base 14) to base 7.
413310
-1410332341 (base 5) to base 13
-993054
What is 63a0cb (base 13) in base 11?
1355833
Convert 394477a (base 12) to base 13.
2453134
What is 1732044 (base 8) in base 10?
504868
61a8 (base 14) to base 15
4ea8
601b26 (base 13) to base 16
220e26
What is 31333110131 (base 4) in base 2?
1101111111010100011101
1011011000010001100011 (base 2) to base 14
579163
What is 4392593 (base 10) in base 9?
8234448
-7e4a5 (base 15) to base 9
-673332
Convert 7101b (base 13) to base 8.
612644
Convert -31a519 (base 12) to base 4.
-2333231211
Convert 30333220231 (base 4) to base 10.
3406381
What is 1668662 (base 9) in base 15?
135ed5
What is -1011012020212 (base 3) in base 9?
-1135225
What is -29974 (base 13) in base 11?
-53a94
Convert 13bd54 (base 15) to base 7.
11041462
What is -6540538 (base 9) in base 14?
-675515
Convert 756a13 (base 11) to base 8.
4472654
2288133 (base 12) to base 16
6576b7
-240440 (base 9) to base 16
-2353e
-1343581 (base 14) to base 16
-8dff8d
What is -252223201 (base 6) in base 8?
-22451661
1634905 (base 11) to base 4
22220231300
What is 8a8180 (base 12) in base 8?
10340360
What is 1535499 (base 10) in base 6?
52524443
3441303 (base 5) to base 7
345662
Convert -10100010010111000100 (base 2) to base 14.
-134500
23104344 (base 5) to base 3
101111202002
What is 2535381 (base 9) in base 14?
27d7bd
Convert -4a97336 (base 11) to base 9.
-17560708
-8403a (base 11) to base 10
-122495
-10020021210111 (base 3) to base 12
-6aa334
Convert 2212717 (base 8) to base 7.
5026611
What is -11011011001011000101 (base 2) in base 5?
-212211413
-133409 (base 11) to base 10
-209460
What is 2432623 (base 9) in base 4?
11002130112
What is 7029 (base 15) in base 9?
35413
What is 4b41a (base 16) in base 13?
aa3c7
What is 13aa97 (base 12) in base 9?
552447
What is 2247901 (base 10) in base 3?
11020012112121
What is -332142024 (base 6) in base 12?
-2007914
-12103332102 (base 4) to base 7
-20031060
-709977 (base 10) to base 11
-445464
Convert -176945 (base 10) to base 9.
-288645
Convert 401204 (base 9) to base 3.
110001020011
-11231211222 (base 4) to base 13
-405786
-17202a (base 15) to base 7
-12344611
Convert -fbaa2 (base 16) to base 10.
-1030818
What is 12200010220 (base 3) in base 12?
54736
What is -467243 (base 10) in base 16?
-7212b
Convert 2640440 (base 7) to base 6.
11225412
106151 (base 11) to base 9
277105
Convert -44202 (base 11) to base 6.
-1212524
234395 (base 12) to base 6
20054305
Convert -11559b (base 13) to base 15.
-82042
-204521443 (base 6) to base 15
-4ad060
10000011110101 (base 2) to base 12
4a71
-212110100010201 (base 3) to base 8
-57433520
What is -10343103 (base 5) in base 7?
-524365
Convert -15438a (base 16) to base 12.
-57254a
What is -6c1874 (base 15) in base 13?
-10bca00
3136836 (base 9) to base 11
a46875
Convert -10010220011 (base 3) to base 8.
-170700
What is 2212121030 (base 5) in base 10?
4801390
800013 (base 9) to base 8
1632524
Convert -8d312 (base 15) to base 5.
-103341232
1b4953 (base 12) to base 2
1110110011101001111
-25539 (base 16) to base 2
-100101010100111001
Convert -23108 (base 10) to base 4.
-11221010
What is -3041125 (base 7) in base 16?
-589d2
-10111213 (base 6) to base 15
-5aac0
What is 101010022110002 (base 3) in base 13?
1164809
Convert -314210 (base 7) to base 6.
-1055215
What is -288b5 (base 12) in base 3?
-2212121202
What is 54121 (base 9) in base 7?
206302
Convert -20032113331 (base 4) to base 6.
-114113341
What is -1222416 (base 7) in base 4?
-212110200
What is -46a43 (base 13) in base 2?
-11111100010010011
Convert -1221100011 (base 3) to base 12.
-1a0b7
Convert 729f3 (base 16) to base 15.
94196
66247 (base 12) to base 6
2521331
-42605653 (base 7) to base 15
-4bb3c4
What is 6a738 (base 11) in base